{"id":21,"date":"2018-07-28T12:01:34","date_gmt":"2018-07-28T12:01:34","guid":{"rendered":"http:\/\/hannah-ehlers.de\/?page_id=21"},"modified":"2023-11-10T13:03:05","modified_gmt":"2023-11-10T13:03:05","slug":"bild","status":"publish","type":"page","link":"https:\/\/hannah-ehlers.de\/?page_id=21","title":{"rendered":"Bilder"},"content":{"rendered":"<p>Hier gibt es neben aktuellen <a href=\"https:\/\/hannah-ehlers.de\/?page_id=1083\">Portraits<\/a> ein paar Impressionen von einigen Projekten aus den letzten Monaten und Jahren.<\/p>\n<p>So zum Beispiel von meinem aktuellen Engagement am Theater Die Kom\u00f6dianten in der Produktion <a href=\"https:\/\/hannah-ehlers.de\/?page_id=1047\">Ganze Tage, ganze N\u00e4chte<\/a>.<\/p>\n<p>Au\u00dferdem gibt es Bilder von unserer Eigenproduktion <a href=\"https:\/\/hannah-ehlers.de\/?page_id=65\">Inside Sybille<\/a>, welche ich mit meinem Kollektiv ausgesprochen frei auf die Beine gestellt habe.<\/p>\n<p>Des Weiteren das sch\u00f6ne Weihnachtsm\u00e4rchen <a href=\"https:\/\/hannah-ehlers.de\/?page_id=899\">Die kleine Hexe<\/a>, wo ich im Winter 2022 am Theater f\u00fcr Niedersachsen die Titelrolle spielen durfte.<\/p>\n<p>Zu guter Letzt gibt es Eindr\u00fccke von <a href=\"https:\/\/hannah-ehlers.de\/?page_id=80\">Tyler Durden Muss Sterben<\/a>, was ich mit dem Paper Street SOAP Kollektiv im Sommer 2021 im Kraftwerk Bille zur Urauff\u00fchrung gebracht habe.<\/p>\n","protected":false},"excerpt":{"rendered":"<p>Hier gibt es neben aktuellen Portraits ein paar Impressionen von einigen Projekten aus den letzten Monaten und Jahren. So zum Beispiel von meinem aktuellen Engagement am Theater Die Kom\u00f6dianten in der Produktion Ganze Tage, ganze N\u00e4chte. Au\u00dferdem gibt es Bilder von unserer Eigenproduktion Inside Sybille, welche ich mit meinem Kollektiv ausgesprochen frei auf die Beine &hellip; <\/p>\n<p class=\"link-more\"><a href=\"https:\/\/hannah-ehlers.de\/?page_id=21\" class=\"more-link\"><span class=\"screen-reader-text\">\u201eBilder\u201c <\/span>weiterlesen<\/a><\/p>\n","protected":false},"author":1,"featured_media":0,"parent":0,"menu_order":0,"comment_status":"closed","ping_status":"closed","template":"","meta":{"jetpack_post_was_ever_published":false,"footnotes":""},"class_list":["post-21","page","type-page","status-publish","hentry"],"jetpack_sharing_enabled":true,"jetpack_shortlink":"https:\/\/wp.me\/Pa9wQr-l","_links":{"self":[{"href":"https:\/\/hannah-ehlers.de\/index.php?rest_route=\/wp\/v2\/pages\/21","targetHints":{"allow":["GET"]}}],"collection":[{"href":"https:\/\/hannah-ehlers.de\/index.php?rest_route=\/wp\/v2\/pages"}],"about":[{"href":"https:\/\/hannah-ehlers.de\/index.php?rest_route=\/wp\/v2\/types\/page"}],"author":[{"embeddable":true,"href":"https:\/\/hannah-ehlers.de\/index.php?rest_route=\/wp\/v2\/users\/1"}],"replies":[{"embeddable":true,"href":"https:\/\/hannah-ehlers.de\/index.php?rest_route=%2Fwp%2Fv2%2Fcomments&post=21"}],"version-history":[{"count":19,"href":"https:\/\/hannah-ehlers.de\/index.php?rest_route=\/wp\/v2\/pages\/21\/revisions"}],"predecessor-version":[{"id":1090,"href":"https:\/\/hannah-ehlers.de\/index.php?rest_route=\/wp\/v2\/pages\/21\/revisions\/1090"}],"wp:attachment":[{"href":"https:\/\/hannah-ehlers.de\/index.php?rest_route=%2Fwp%2Fv2%2Fmedia&parent=21"}],"curies":[{"name":"wp","href":"https:\/\/api.w.org\/{rel}","templated":true}]}}