{"id":347,"date":"2019-09-29T18:09:58","date_gmt":"2019-09-29T18:09:58","guid":{"rendered":"http:\/\/hannah-ehlers.de\/?page_id=347"},"modified":"2023-11-10T13:13:28","modified_gmt":"2023-11-10T13:13:28","slug":"frau-lampion","status":"publish","type":"page","link":"https:\/\/hannah-ehlers.de\/?page_id=347","title":{"rendered":"HannahLampion"},"content":{"rendered":"\n<p>Als HannahLampion mache ich Musik und schreibe meine eigenen, meist ganz pers\u00f6nlichen Songs. Im Herbst 2019 habe ich ein erstes \u00f6ffentliches Konzert im Caf\u00e9 du Port in Hamburg gegeben. Dann kam Corona und au\u00dfer ein paar Instagram-Live-Stream-Konzerten ist lange nicht so viel gelaufen. Aber inzwischen wird wieder flei\u00dfig gearbeitet, ich habe erste Gehversuche im Studio unternommen und ab sofort gibt es meine erste offizielle Single &#8222;F\u00fcr dich&#8220; auf allen Plattformen! Viel Spa\u00df damit \ud83d\ude42 <\/p>\n\n\n\n<p>&#8222;<a href=\"https:\/\/open.spotify.com\/track\/35DZKEi95re41EXEIAuNmN?si=IS-CQTaPSyOALsk6sF5CYg\">F\u00fcr dich&#8220; auf Spotify<\/a><\/p>\n\n\n\n<p><a href=\"https:\/\/youtu.be\/sWrXIBvvVQw\">&#8222;F\u00fcr dich&#8220; Musikvideo<\/a><\/p>\n\n\n\n<figure class=\"wp-block-image size-large\"><img loading=\"lazy\" decoding=\"async\" width=\"1024\" height=\"1024\" src=\"https:\/\/hannah-ehlers.de\/wp-content\/uploads\/2023\/07\/IMG_20230707_194813_761-1-1024x1024.jpg\" alt=\"\" class=\"wp-image-1010\" srcset=\"https:\/\/hannah-ehlers.de\/wp-content\/uploads\/2023\/07\/IMG_20230707_194813_761-1-1024x1024.jpg 1024w, https:\/\/hannah-ehlers.de\/wp-content\/uploads\/2023\/07\/IMG_20230707_194813_761-1-300x300.jpg 300w, https:\/\/hannah-ehlers.de\/wp-content\/uploads\/2023\/07\/IMG_20230707_194813_761-1-150x150.jpg 150w, https:\/\/hannah-ehlers.de\/wp-content\/uploads\/2023\/07\/IMG_20230707_194813_761-1-768x768.jpg 768w, https:\/\/hannah-ehlers.de\/wp-content\/uploads\/2023\/07\/IMG_20230707_194813_761-1-100x100.jpg 100w, https:\/\/hannah-ehlers.de\/wp-content\/uploads\/2023\/07\/IMG_20230707_194813_761-1.jpg 1526w\" sizes=\"auto, (max-width: 767px) 89vw, (max-width: 1000px) 54vw, (max-width: 1071px) 543px, 580px\" \/><figcaption class=\"wp-element-caption\">\u00a9 Polina Slyusar, 2023<\/figcaption><\/figure>\n\n\n\n<figure class=\"wp-block-image size-large\"><img loading=\"lazy\" decoding=\"async\" width=\"1024\" height=\"730\" src=\"https:\/\/hannah-ehlers.de\/wp-content\/uploads\/2020\/04\/IMG_8187-1024x730.jpg\" alt=\"\" class=\"wp-image-451\" srcset=\"https:\/\/hannah-ehlers.de\/wp-content\/uploads\/2020\/04\/IMG_8187-1024x730.jpg 1024w, https:\/\/hannah-ehlers.de\/wp-content\/uploads\/2020\/04\/IMG_8187-300x214.jpg 300w, https:\/\/hannah-ehlers.de\/wp-content\/uploads\/2020\/04\/IMG_8187-768x547.jpg 768w, https:\/\/hannah-ehlers.de\/wp-content\/uploads\/2020\/04\/IMG_8187-1536x1095.jpg 1536w, https:\/\/hannah-ehlers.de\/wp-content\/uploads\/2020\/04\/IMG_8187.jpg 1786w\" sizes=\"auto, (max-width: 767px) 89vw, (max-width: 1000px) 54vw, (max-width: 1071px) 543px, 580px\" \/><figcaption class=\"wp-element-caption\">\u00a9Lucas Jen\u00df, 2019<\/figcaption><\/figure>\n\n\n\n<figure class=\"wp-block-image size-large\"><img loading=\"lazy\" decoding=\"async\" width=\"1024\" height=\"695\" src=\"https:\/\/hannah-ehlers.de\/wp-content\/uploads\/2020\/04\/IMG_8139-1024x695.jpg\" alt=\"\" class=\"wp-image-449\" srcset=\"https:\/\/hannah-ehlers.de\/wp-content\/uploads\/2020\/04\/IMG_8139-1024x695.jpg 1024w, https:\/\/hannah-ehlers.de\/wp-content\/uploads\/2020\/04\/IMG_8139-300x204.jpg 300w, https:\/\/hannah-ehlers.de\/wp-content\/uploads\/2020\/04\/IMG_8139-768x521.jpg 768w, https:\/\/hannah-ehlers.de\/wp-content\/uploads\/2020\/04\/IMG_8139-1536x1042.jpg 1536w, https:\/\/hannah-ehlers.de\/wp-content\/uploads\/2020\/04\/IMG_8139.jpg 1786w\" sizes=\"auto, (max-width: 767px) 89vw, (max-width: 1000px) 54vw, (max-width: 1071px) 543px, 580px\" \/><figcaption class=\"wp-element-caption\">\u00a9Lucas Jen\u00df, 2019<\/figcaption><\/figure>\n\n\n\n<figure class=\"wp-block-image size-large\"><img loading=\"lazy\" decoding=\"async\" width=\"683\" height=\"1024\" src=\"https:\/\/hannah-ehlers.de\/wp-content\/uploads\/2020\/04\/IMG_8214-683x1024.jpg\" alt=\"\" class=\"wp-image-452\" srcset=\"https:\/\/hannah-ehlers.de\/wp-content\/uploads\/2020\/04\/IMG_8214-683x1024.jpg 683w, https:\/\/hannah-ehlers.de\/wp-content\/uploads\/2020\/04\/IMG_8214-200x300.jpg 200w, https:\/\/hannah-ehlers.de\/wp-content\/uploads\/2020\/04\/IMG_8214-768x1152.jpg 768w, https:\/\/hannah-ehlers.de\/wp-content\/uploads\/2020\/04\/IMG_8214-1024x1536.jpg 1024w, https:\/\/hannah-ehlers.de\/wp-content\/uploads\/2020\/04\/IMG_8214.jpg 1314w\" sizes=\"auto, (max-width: 683px) 100vw, 683px\" \/><figcaption class=\"wp-element-caption\">\u00a9Lucas Jen\u00df, 2019<\/figcaption><\/figure>\n\n\n\n<figure class=\"wp-block-image size-large\"><img loading=\"lazy\" decoding=\"async\" width=\"1024\" height=\"683\" src=\"https:\/\/hannah-ehlers.de\/wp-content\/uploads\/2020\/04\/IMG_8259-1024x683.jpg\" alt=\"\" class=\"wp-image-453\" srcset=\"https:\/\/hannah-ehlers.de\/wp-content\/uploads\/2020\/04\/IMG_8259-1024x683.jpg 1024w, https:\/\/hannah-ehlers.de\/wp-content\/uploads\/2020\/04\/IMG_8259-300x200.jpg 300w, https:\/\/hannah-ehlers.de\/wp-content\/uploads\/2020\/04\/IMG_8259-768x512.jpg 768w, https:\/\/hannah-ehlers.de\/wp-content\/uploads\/2020\/04\/IMG_8259-1536x1024.jpg 1536w, https:\/\/hannah-ehlers.de\/wp-content\/uploads\/2020\/04\/IMG_8259-2048x1365.jpg 2048w\" sizes=\"auto, (max-width: 767px) 89vw, (max-width: 1000px) 54vw, (max-width: 1071px) 543px, 580px\" \/><figcaption class=\"wp-element-caption\">\u00a9Lucas Jen\u00df, 2019<\/figcaption><\/figure>\n\n\n\n<figure class=\"wp-block-image size-large\"><img loading=\"lazy\" decoding=\"async\" width=\"1024\" height=\"683\" src=\"https:\/\/hannah-ehlers.de\/wp-content\/uploads\/2020\/04\/IMG_8183-1024x683.jpg\" alt=\"\" class=\"wp-image-450\" srcset=\"https:\/\/hannah-ehlers.de\/wp-content\/uploads\/2020\/04\/IMG_8183-1024x683.jpg 1024w, https:\/\/hannah-ehlers.de\/wp-content\/uploads\/2020\/04\/IMG_8183-300x200.jpg 300w, https:\/\/hannah-ehlers.de\/wp-content\/uploads\/2020\/04\/IMG_8183-768x512.jpg 768w, https:\/\/hannah-ehlers.de\/wp-content\/uploads\/2020\/04\/IMG_8183-1536x1024.jpg 1536w, https:\/\/hannah-ehlers.de\/wp-content\/uploads\/2020\/04\/IMG_8183-2048x1365.jpg 2048w\" sizes=\"auto, (max-width: 767px) 89vw, (max-width: 1000px) 54vw, (max-width: 1071px) 543px, 580px\" \/><figcaption class=\"wp-element-caption\">\u00a9Lucas Jen\u00df, 2019<\/figcaption><\/figure>\n","protected":false},"excerpt":{"rendered":"<p>Als HannahLampion mache ich Musik und schreibe meine eigenen, meist ganz pers\u00f6nlichen Songs. Im Herbst 2019 habe ich ein erstes \u00f6ffentliches Konzert im Caf\u00e9 du Port in Hamburg gegeben. Dann kam Corona und au\u00dfer ein paar Instagram-Live-Stream-Konzerten ist lange nicht so viel gelaufen. Aber inzwischen wird wieder flei\u00dfig gearbeitet, ich habe erste Gehversuche im Studio &hellip; <\/p>\n<p class=\"link-more\"><a href=\"https:\/\/hannah-ehlers.de\/?page_id=347\" class=\"more-link\"><span class=\"screen-reader-text\">\u201eHannahLampion\u201c <\/span>weiterlesen<\/a><\/p>\n","protected":false},"author":1,"featured_media":0,"parent":915,"menu_order":0,"comment_status":"closed","ping_status":"closed","template":"","meta":{"jetpack_post_was_ever_published":false,"footnotes":""},"class_list":["post-347","page","type-page","status-publish","hentry"],"jetpack_sharing_enabled":true,"jetpack_shortlink":"https:\/\/wp.me\/Pa9wQr-5B","_links":{"self":[{"href":"https:\/\/hannah-ehlers.de\/index.php?rest_route=\/wp\/v2\/pages\/347","targetHints":{"allow":["GET"]}}],"collection":[{"href":"https:\/\/hannah-ehlers.de\/index.php?rest_route=\/wp\/v2\/pages"}],"about":[{"href":"https:\/\/hannah-ehlers.de\/index.php?rest_route=\/wp\/v2\/types\/page"}],"author":[{"embeddable":true,"href":"https:\/\/hannah-ehlers.de\/index.php?rest_route=\/wp\/v2\/users\/1"}],"replies":[{"embeddable":true,"href":"https:\/\/hannah-ehlers.de\/index.php?rest_route=%2Fwp%2Fv2%2Fcomments&post=347"}],"version-history":[{"count":18,"href":"https:\/\/hannah-ehlers.de\/index.php?rest_route=\/wp\/v2\/pages\/347\/revisions"}],"predecessor-version":[{"id":1093,"href":"https:\/\/hannah-ehlers.de\/index.php?rest_route=\/wp\/v2\/pages\/347\/revisions\/1093"}],"up":[{"embeddable":true,"href":"https:\/\/hannah-ehlers.de\/index.php?rest_route=\/wp\/v2\/pages\/915"}],"wp:attachment":[{"href":"https:\/\/hannah-ehlers.de\/index.php?rest_route=%2Fwp%2Fv2%2Fmedia&parent=347"}],"curies":[{"name":"wp","href":"https:\/\/api.w.org\/{rel}","templated":true}]}}