{"id":534,"date":"2020-11-05T18:25:41","date_gmt":"2020-11-05T18:25:41","guid":{"rendered":"http:\/\/hannah-ehlers.de\/?page_id=534"},"modified":"2023-11-07T10:12:44","modified_gmt":"2023-11-07T10:12:44","slug":"pia-piratenprinzessin","status":"publish","type":"page","link":"https:\/\/hannah-ehlers.de\/?page_id=534","title":{"rendered":"Pia Piratenprinzessin"},"content":{"rendered":"\n<p>Pia Piratenprinzessin macht sich auf die Reise! Denn sie wei\u00df schon lange, dass sie nicht in die Fu\u00dfstapfen ihrer Mama, der schrecklichen Piratenk\u00f6nigin Petra, treten will. Nein, Pia&nbsp;will lieber etwas tun, was ihr Spa\u00df macht und auch&nbsp;anderen Menschen Freude bringt! Und da sie wei\u00df, dass ihr Papa genau so denkt, sticht sie ganz allein&nbsp;mit ihrem eigenen Boot und Papagei Papperlapapp in See, um ihn zu suchen. So geht es quer durch die Weltmeere auf eine abenteuerliche Fahrt\u2026<\/p>\n\n\n\n<p><em>Und eigentlich sollte es auch gar nicht so schwer sein ihn zu finden. Mama hat immer gesagt: \u201eDein Vater, das ist doch ein elender Pazifist!\u201c Also muss er ja irgendwo im Pazifik wohnen, h\u00f6chstwahrscheinlich auf einer Insel, die Eland hei\u00dft!<\/em><\/p>\n\n\n\n<p>Ein Kindermusical,&nbsp;das&nbsp;junge Menschen auf ihrem Weg zu Selbstvertrauen und einem Gef\u00fchl von Freiheit und St\u00e4rke unterst\u00fctzen m\u00f6chte.&nbsp;Es geht um Hilfsbereitschaft, Umgang mit unangenehmen Gef\u00fchlen wie Angst und Trauer und den Mut, f\u00fcr sich und seine W\u00fcnsche einzustehen. <\/p>\n\n\n\n<p>F\u00fcr kleine und gro\u00dfe Menschen ab 6 Jahren. <\/p>\n\n\n\n<p>Bei Interesse bez\u00fcglich einer Produktion gerne melden unter: hannah@hannah-ehlers.de <\/p>\n\n\n\n<figure class=\"wp-block-embed is-type-video is-provider-youtube wp-block-embed-youtube wp-embed-aspect-16-9 wp-has-aspect-ratio\"><div class=\"wp-block-embed__wrapper\">\n<span class=\"embed-youtube\" style=\"text-align:center; display: block;\"><iframe loading=\"lazy\" class=\"youtube-player\" width=\"525\" height=\"296\" src=\"https:\/\/www.youtube.com\/embed\/ifDnulAK-tk?version=3&#038;rel=1&#038;showsearch=0&#038;showinfo=1&#038;iv_load_policy=1&#038;fs=1&#038;hl=de-DE&#038;autohide=2&#038;wmode=transparent\" allowfullscreen=\"true\" style=\"border:0;\" sandbox=\"allow-scripts allow-same-origin allow-popups allow-presentation allow-popups-to-escape-sandbox\"><\/iframe><\/span>\n<\/div><\/figure>\n","protected":false},"excerpt":{"rendered":"<p>Pia Piratenprinzessin macht sich auf die Reise! Denn sie wei\u00df schon lange, dass sie nicht in die Fu\u00dfstapfen ihrer Mama, der schrecklichen Piratenk\u00f6nigin Petra, treten will. Nein, Pia&nbsp;will lieber etwas tun, was ihr Spa\u00df macht und auch&nbsp;anderen Menschen Freude bringt! Und da sie wei\u00df, dass ihr Papa genau so denkt, sticht sie ganz allein&nbsp;mit ihrem &hellip; <\/p>\n<p class=\"link-more\"><a href=\"https:\/\/hannah-ehlers.de\/?page_id=534\" class=\"more-link\"><span class=\"screen-reader-text\">\u201ePia Piratenprinzessin\u201c <\/span>weiterlesen<\/a><\/p>\n","protected":false},"author":1,"featured_media":0,"parent":915,"menu_order":0,"comment_status":"closed","ping_status":"closed","template":"","meta":{"jetpack_post_was_ever_published":false,"footnotes":""},"class_list":["post-534","page","type-page","status-publish","hentry"],"jetpack_sharing_enabled":true,"jetpack_shortlink":"https:\/\/wp.me\/Pa9wQr-8C","_links":{"self":[{"href":"https:\/\/hannah-ehlers.de\/index.php?rest_route=\/wp\/v2\/pages\/534","targetHints":{"allow":["GET"]}}],"collection":[{"href":"https:\/\/hannah-ehlers.de\/index.php?rest_route=\/wp\/v2\/pages"}],"about":[{"href":"https:\/\/hannah-ehlers.de\/index.php?rest_route=\/wp\/v2\/types\/page"}],"author":[{"embeddable":true,"href":"https:\/\/hannah-ehlers.de\/index.php?rest_route=\/wp\/v2\/users\/1"}],"replies":[{"embeddable":true,"href":"https:\/\/hannah-ehlers.de\/index.php?rest_route=%2Fwp%2Fv2%2Fcomments&post=534"}],"version-history":[{"count":21,"href":"https:\/\/hannah-ehlers.de\/index.php?rest_route=\/wp\/v2\/pages\/534\/revisions"}],"predecessor-version":[{"id":989,"href":"https:\/\/hannah-ehlers.de\/index.php?rest_route=\/wp\/v2\/pages\/534\/revisions\/989"}],"up":[{"embeddable":true,"href":"https:\/\/hannah-ehlers.de\/index.php?rest_route=\/wp\/v2\/pages\/915"}],"wp:attachment":[{"href":"https:\/\/hannah-ehlers.de\/index.php?rest_route=%2Fwp%2Fv2%2Fmedia&parent=534"}],"curies":[{"name":"wp","href":"https:\/\/api.w.org\/{rel}","templated":true}]}}