{"id":899,"date":"2023-01-17T12:40:33","date_gmt":"2023-01-17T12:40:33","guid":{"rendered":"https:\/\/hannah-ehlers.de\/?page_id=899"},"modified":"2023-10-26T07:11:31","modified_gmt":"2023-10-26T07:11:31","slug":"die-kleine-hexe-theater-fuer-niedersachsen","status":"publish","type":"page","link":"https:\/\/hannah-ehlers.de\/?page_id=899","title":{"rendered":"Die kleine Hexe"},"content":{"rendered":"\n<p>Am Theater f\u00fcr Niedersachsen Hildesheim<\/p>\n\n\n\n<p>Inszenierung: Alya Yeginer, B\u00fchne &amp; Kost\u00fcme: Moni Gora, Musik: Andreas Unsicker<\/p>\n\n\n\n<p>Fotos: Clemens Heidrich<\/p>\n\n\n\n<figure class=\"wp-block-image size-large\"><img loading=\"lazy\" decoding=\"async\" width=\"1024\" height=\"683\" src=\"https:\/\/hannah-ehlers.de\/wp-content\/uploads\/2023\/01\/221007-die-kleine-hexe-2-01-1024x683.jpg\" alt=\"\" class=\"wp-image-885\" srcset=\"https:\/\/hannah-ehlers.de\/wp-content\/uploads\/2023\/01\/221007-die-kleine-hexe-2-01-1024x683.jpg 1024w, https:\/\/hannah-ehlers.de\/wp-content\/uploads\/2023\/01\/221007-die-kleine-hexe-2-01-300x200.jpg 300w, https:\/\/hannah-ehlers.de\/wp-content\/uploads\/2023\/01\/221007-die-kleine-hexe-2-01-768x512.jpg 768w, https:\/\/hannah-ehlers.de\/wp-content\/uploads\/2023\/01\/221007-die-kleine-hexe-2-01-1536x1024.jpg 1536w, https:\/\/hannah-ehlers.de\/wp-content\/uploads\/2023\/01\/221007-die-kleine-hexe-2-01-2048x1365.jpg 2048w\" sizes=\"auto, (max-width: 767px) 89vw, (max-width: 1000px) 54vw, (max-width: 1071px) 543px, 580px\" \/><\/figure>\n\n\n\n<figure class=\"wp-block-image size-large\"><img loading=\"lazy\" decoding=\"async\" width=\"1024\" height=\"683\" src=\"https:\/\/hannah-ehlers.de\/wp-content\/uploads\/2023\/01\/221007-die-kleine-hexe-2-87-1-1-1024x683.jpg\" alt=\"\" class=\"wp-image-897\" srcset=\"https:\/\/hannah-ehlers.de\/wp-content\/uploads\/2023\/01\/221007-die-kleine-hexe-2-87-1-1-1024x683.jpg 1024w, https:\/\/hannah-ehlers.de\/wp-content\/uploads\/2023\/01\/221007-die-kleine-hexe-2-87-1-1-300x200.jpg 300w, https:\/\/hannah-ehlers.de\/wp-content\/uploads\/2023\/01\/221007-die-kleine-hexe-2-87-1-1-768x512.jpg 768w, https:\/\/hannah-ehlers.de\/wp-content\/uploads\/2023\/01\/221007-die-kleine-hexe-2-87-1-1-1536x1024.jpg 1536w, https:\/\/hannah-ehlers.de\/wp-content\/uploads\/2023\/01\/221007-die-kleine-hexe-2-87-1-1-2048x1365.jpg 2048w\" sizes=\"auto, (max-width: 767px) 89vw, (max-width: 1000px) 54vw, (max-width: 1071px) 543px, 580px\" \/><\/figure>\n\n\n\n<figure class=\"wp-block-image size-large\"><img loading=\"lazy\" decoding=\"async\" width=\"1024\" height=\"683\" src=\"https:\/\/hannah-ehlers.de\/wp-content\/uploads\/2023\/01\/221007-die-kleine-hexe-2-37-2-1024x683.jpg\" alt=\"\" class=\"wp-image-894\" srcset=\"https:\/\/hannah-ehlers.de\/wp-content\/uploads\/2023\/01\/221007-die-kleine-hexe-2-37-2-1024x683.jpg 1024w, https:\/\/hannah-ehlers.de\/wp-content\/uploads\/2023\/01\/221007-die-kleine-hexe-2-37-2-300x200.jpg 300w, https:\/\/hannah-ehlers.de\/wp-content\/uploads\/2023\/01\/221007-die-kleine-hexe-2-37-2-768x512.jpg 768w, https:\/\/hannah-ehlers.de\/wp-content\/uploads\/2023\/01\/221007-die-kleine-hexe-2-37-2-1536x1024.jpg 1536w, https:\/\/hannah-ehlers.de\/wp-content\/uploads\/2023\/01\/221007-die-kleine-hexe-2-37-2-2048x1365.jpg 2048w\" sizes=\"auto, (max-width: 767px) 89vw, (max-width: 1000px) 54vw, (max-width: 1071px) 543px, 580px\" \/><\/figure>\n\n\n\n<figure class=\"wp-block-image size-large\"><img loading=\"lazy\" decoding=\"async\" width=\"1024\" height=\"683\" src=\"https:\/\/hannah-ehlers.de\/wp-content\/uploads\/2023\/01\/221007-die-kleine-hexe-2-31-1-1024x683.jpg\" alt=\"\" class=\"wp-image-895\" srcset=\"https:\/\/hannah-ehlers.de\/wp-content\/uploads\/2023\/01\/221007-die-kleine-hexe-2-31-1-1024x683.jpg 1024w, https:\/\/hannah-ehlers.de\/wp-content\/uploads\/2023\/01\/221007-die-kleine-hexe-2-31-1-300x200.jpg 300w, https:\/\/hannah-ehlers.de\/wp-content\/uploads\/2023\/01\/221007-die-kleine-hexe-2-31-1-768x512.jpg 768w, https:\/\/hannah-ehlers.de\/wp-content\/uploads\/2023\/01\/221007-die-kleine-hexe-2-31-1-1536x1024.jpg 1536w, https:\/\/hannah-ehlers.de\/wp-content\/uploads\/2023\/01\/221007-die-kleine-hexe-2-31-1-2048x1365.jpg 2048w\" sizes=\"auto, (max-width: 767px) 89vw, (max-width: 1000px) 54vw, (max-width: 1071px) 543px, 580px\" \/><\/figure>\n\n\n\n<figure class=\"wp-block-image size-large\"><img loading=\"lazy\" decoding=\"async\" width=\"1024\" height=\"683\" src=\"https:\/\/hannah-ehlers.de\/wp-content\/uploads\/2023\/01\/221007-die-kleine-hexe-2-56-1024x683.jpg\" alt=\"\" class=\"wp-image-886\" srcset=\"https:\/\/hannah-ehlers.de\/wp-content\/uploads\/2023\/01\/221007-die-kleine-hexe-2-56-1024x683.jpg 1024w, https:\/\/hannah-ehlers.de\/wp-content\/uploads\/2023\/01\/221007-die-kleine-hexe-2-56-300x200.jpg 300w, https:\/\/hannah-ehlers.de\/wp-content\/uploads\/2023\/01\/221007-die-kleine-hexe-2-56-768x512.jpg 768w, https:\/\/hannah-ehlers.de\/wp-content\/uploads\/2023\/01\/221007-die-kleine-hexe-2-56-1536x1024.jpg 1536w, https:\/\/hannah-ehlers.de\/wp-content\/uploads\/2023\/01\/221007-die-kleine-hexe-2-56-2048x1365.jpg 2048w\" sizes=\"auto, (max-width: 767px) 89vw, (max-width: 1000px) 54vw, (max-width: 1071px) 543px, 580px\" \/><\/figure>\n\n\n\n<figure class=\"wp-block-image size-large\"><img loading=\"lazy\" decoding=\"async\" width=\"1024\" height=\"683\" src=\"https:\/\/hannah-ehlers.de\/wp-content\/uploads\/2023\/01\/221007-die-kleine-hexe-2-66-1-1024x683.jpg\" alt=\"\" class=\"wp-image-887\" srcset=\"https:\/\/hannah-ehlers.de\/wp-content\/uploads\/2023\/01\/221007-die-kleine-hexe-2-66-1-1024x683.jpg 1024w, https:\/\/hannah-ehlers.de\/wp-content\/uploads\/2023\/01\/221007-die-kleine-hexe-2-66-1-300x200.jpg 300w, https:\/\/hannah-ehlers.de\/wp-content\/uploads\/2023\/01\/221007-die-kleine-hexe-2-66-1-768x512.jpg 768w, https:\/\/hannah-ehlers.de\/wp-content\/uploads\/2023\/01\/221007-die-kleine-hexe-2-66-1-1536x1024.jpg 1536w, https:\/\/hannah-ehlers.de\/wp-content\/uploads\/2023\/01\/221007-die-kleine-hexe-2-66-1-2048x1365.jpg 2048w\" sizes=\"auto, (max-width: 767px) 89vw, (max-width: 1000px) 54vw, (max-width: 1071px) 543px, 580px\" \/><\/figure>\n\n\n\n<figure class=\"wp-block-image size-large\"><img loading=\"lazy\" decoding=\"async\" width=\"1024\" height=\"683\" src=\"https:\/\/hannah-ehlers.de\/wp-content\/uploads\/2023\/01\/221007-die-kleine-hexe-2-68-1024x683.jpg\" alt=\"\" class=\"wp-image-891\" srcset=\"https:\/\/hannah-ehlers.de\/wp-content\/uploads\/2023\/01\/221007-die-kleine-hexe-2-68-1024x683.jpg 1024w, https:\/\/hannah-ehlers.de\/wp-content\/uploads\/2023\/01\/221007-die-kleine-hexe-2-68-300x200.jpg 300w, https:\/\/hannah-ehlers.de\/wp-content\/uploads\/2023\/01\/221007-die-kleine-hexe-2-68-768x512.jpg 768w, https:\/\/hannah-ehlers.de\/wp-content\/uploads\/2023\/01\/221007-die-kleine-hexe-2-68-1536x1024.jpg 1536w, https:\/\/hannah-ehlers.de\/wp-content\/uploads\/2023\/01\/221007-die-kleine-hexe-2-68-2048x1365.jpg 2048w\" sizes=\"auto, (max-width: 767px) 89vw, (max-width: 1000px) 54vw, (max-width: 1071px) 543px, 580px\" \/><\/figure>\n\n\n\n<figure class=\"wp-block-image size-large\"><img loading=\"lazy\" decoding=\"async\" width=\"1024\" height=\"683\" src=\"https:\/\/hannah-ehlers.de\/wp-content\/uploads\/2023\/01\/221007-die-kleine-hexe-2-83-1024x683.jpg\" alt=\"\" class=\"wp-image-889\" srcset=\"https:\/\/hannah-ehlers.de\/wp-content\/uploads\/2023\/01\/221007-die-kleine-hexe-2-83-1024x683.jpg 1024w, https:\/\/hannah-ehlers.de\/wp-content\/uploads\/2023\/01\/221007-die-kleine-hexe-2-83-300x200.jpg 300w, https:\/\/hannah-ehlers.de\/wp-content\/uploads\/2023\/01\/221007-die-kleine-hexe-2-83-768x512.jpg 768w, https:\/\/hannah-ehlers.de\/wp-content\/uploads\/2023\/01\/221007-die-kleine-hexe-2-83-1536x1024.jpg 1536w, https:\/\/hannah-ehlers.de\/wp-content\/uploads\/2023\/01\/221007-die-kleine-hexe-2-83-2048x1365.jpg 2048w\" sizes=\"auto, (max-width: 767px) 89vw, (max-width: 1000px) 54vw, (max-width: 1071px) 543px, 580px\" \/><\/figure>\n","protected":false},"excerpt":{"rendered":"<p>Am Theater f\u00fcr Niedersachsen Hildesheim Inszenierung: Alya Yeginer, B\u00fchne &amp; Kost\u00fcme: Moni Gora, Musik: Andreas Unsicker Fotos: Clemens Heidrich<\/p>\n","protected":false},"author":1,"featured_media":0,"parent":21,"menu_order":0,"comment_status":"closed","ping_status":"closed","template":"","meta":{"jetpack_post_was_ever_published":false,"footnotes":""},"class_list":["post-899","page","type-page","status-publish","hentry"],"jetpack_sharing_enabled":true,"jetpack_shortlink":"https:\/\/wp.me\/Pa9wQr-ev","_links":{"self":[{"href":"https:\/\/hannah-ehlers.de\/index.php?rest_route=\/wp\/v2\/pages\/899","targetHints":{"allow":["GET"]}}],"collection":[{"href":"https:\/\/hannah-ehlers.de\/index.php?rest_route=\/wp\/v2\/pages"}],"about":[{"href":"https:\/\/hannah-ehlers.de\/index.php?rest_route=\/wp\/v2\/types\/page"}],"author":[{"embeddable":true,"href":"https:\/\/hannah-ehlers.de\/index.php?rest_route=\/wp\/v2\/users\/1"}],"replies":[{"embeddable":true,"href":"https:\/\/hannah-ehlers.de\/index.php?rest_route=%2Fwp%2Fv2%2Fcomments&post=899"}],"version-history":[{"count":2,"href":"https:\/\/hannah-ehlers.de\/index.php?rest_route=\/wp\/v2\/pages\/899\/revisions"}],"predecessor-version":[{"id":1052,"href":"https:\/\/hannah-ehlers.de\/index.php?rest_route=\/wp\/v2\/pages\/899\/revisions\/1052"}],"up":[{"embeddable":true,"href":"https:\/\/hannah-ehlers.de\/index.php?rest_route=\/wp\/v2\/pages\/21"}],"wp:attachment":[{"href":"https:\/\/hannah-ehlers.de\/index.php?rest_route=%2Fwp%2Fv2%2Fmedia&parent=899"}],"curies":[{"name":"wp","href":"https:\/\/api.w.org\/{rel}","templated":true}]}}